{"id":789,"date":"2011-11-23T20:31:24","date_gmt":"2011-11-23T20:31:24","guid":{"rendered":"http:\/\/www.chpuye.com\/?page_id=789"},"modified":"2021-04-23T10:26:16","modified_gmt":"2021-04-23T07:26:16","slug":"milletvekillerine","status":"publish","type":"page","link":"https:\/\/www.chpuye.com\/?page_id=789","title":{"rendered":"Vekillere"},"content":{"rendered":"<p><span style=\"color: #ff0000;\">Say\u0131n ince<\/span><br \/>\n<span style=\"color: #ff0000;\">&#8220;Padi\u015fahl\u0131\u011fa \u00f6zenen bir Meclis Ba\u015fkan\u0131.\u201d Var diyorsunuz.<\/span><br \/>\nCumhuriyet Bayram\u0131 t\u00f6renlerini kutlamayan, Atat\u00fcrk&#8217;\u00fc Anma G\u00fcn\u00fc&#8217;n\u00fcn davetini fotokopi ka\u011f\u0131d\u0131na basan Meclis Ba\u015fkan\u0131&#8217;n\u0131n davetinde ne i\u015fim var.&#8221; Dediniz.<br \/>\n\u201cBiz bu topraklarda kefensiz yatanlar\u0131n torunlar\u0131y\u0131z\u201dDiyen bir CHPli nas\u0131l olurda padi\u015faha \u00f6zenen meclis ba\u015fkan\u0131yla Anayasam\u0131z\u0131 ortadan kald\u0131rmak i\u00e7in i\u015fbirli\u011fi yapar.<br \/>\nCHP program\u0131nda(2008) yeni anayasa s\u00f6ylemi yoktur.Kimin anayasas\u0131 yap\u0131l\u0131yor sorusunu da anlams\u0131z buluyorum..Bizim olsayd\u0131 programda olurdu.<br \/>\nPrograma ayk\u0131r\u0131 hareket parti sucudur.<br \/>\nPartimizin TBMM grup ba\u015fkan vekilisiniz.hacl\u0131 savas\u0131na evet toplant\u0131s\u0131nda, ne isim var demediniz? Ne isim var ? Sorusunu, anayasa komisyonu vs. i\u00e7in sormayacak ona g\u00f6re tepki g\u00f6stermeyecek misiniz?<br \/>\nSevgi ve sayg\u0131lar\u0131mla<br \/>\nBilginize arz ederim<br \/>\nSayg\u0131lar\u0131mla<br \/>\n14.11.2011<br \/>\nMazlum Vural\u00a0\u00a0\u00a0\u00a0\u00a0 CHP \u0130stanbul\/Ey\u00fcp il\u00e7esi \u00fcyesi<\/p>\n<p><span style=\"color: #ff0000;\">CHP Bolu Milletvekili Tanju \u00d6zcan\u2019a<\/span><br \/>\nSay\u0131n \u00d6zcan<br \/>\n&#8220;<strong>Vicdani ret d\u00fczenlemesi talep etmek T\u00fcrkiye Cumhuriyeti&#8217;ne ihanet etmektir&#8221;<\/strong> dediniz. Tavr\u0131n\u0131z\u0131 destekliyordum.<br \/>\nIrakta 1,5 milyona yak\u0131n insan katletmedi mi?(Partimiz \u0131rak teskeresine hay\u0131r demi\u015fti.)<br \/>\nBar\u0131\u015f\u0131 savunmak, <strong>\u201cYurtta bar\u0131\u015f D\u00fcnyada bar\u0131\u015f\u201d<\/strong> CHPlilerin temel ilkesi de\u011fil mi?<br \/>\nCHP Milletvekilisiniz Libya teskeresine evet, bu ilkeye ayk\u0131r\u0131 hareket de\u011fil mi?<br \/>\nGazi Mustafa Kemal Libya da \u0130talyanlara kars\u0131 sava\u015f verdi.Libya teskerene evetle, \u0130talyanlarla birlikte Libya\u2019y\u0131 bombalarla yerle bir ettik. \u00dclke \u0130\u015fgal edildi.<br \/>\nLibya\u2019n\u0131n Atat\u00fcrk\u2019\u00fcn\u00fc lin\u00e7 ederek katlettiler.<br \/>\nLibya teskeresi Atat\u00fcrk\u2019\u00fc arkadan vurmak de\u011fil midir? Partinin ba\u011fr\u0131na vurulmu\u015f han\u00e7er de\u011fil midir? Bu sava\u015f teskeresi ile, ordumuzu ba\u015fka \u00fclkelerin komutas\u0131na vermedik mi?<br \/>\nCHPlilerin,\u00a0 tam ba\u011f\u0131ms\u0131zl\u0131ktan yanay\u0131z, ordumuzu ba\u015fka \u00fclkelerin komutas\u0131na vermeyiz, teskereye hay\u0131r demesi gerekmiyor muydu ?O g\u00fcn hay\u0131r diyen\u00a0 bir kemal \u00e7\u0131kmad\u0131.<br \/>\nCHPli Kemalist biri bunlara sessiz kalabilir mi?<br \/>\nPartinin T\u00fcz\u00fck ve program\u0131na uymayana CHPli denir mi?<br \/>\nAtat\u00fcrk \u00fcn ilke ve devrimlerinin hepsine sahip \u00e7\u0131kmayana Kemalist denir mi?<br \/>\nProgram ve t\u00fcz\u00fc\u011fe ayk\u0131r\u0131 hareketlere\u00a0 kars\u0131 \u00e7\u0131k\u0131p, partiyi savunmak CHPlilerin g\u00f6revi de\u011fil mi? G\u00f6z yummak parti sucu de\u011fil mi?<br \/>\nAyg\u00fcn\u00a0\u00a0 i\u00e7in <strong>&#8220;Milletvekili olmu\u015f ama CHP&#8217;li olamam\u0131\u015f&#8221;<\/strong> diyorsunuz.Hakl\u0131s\u0131n\u0131z<br \/>\nBirinin bana, CHP \u00fcyesi ama CHPli de\u011fil demesini istemem.<br \/>\nAtat\u00fcrk\u00e7\u00fc, Kemalist oldu\u011funu s\u00f6yl\u00fcyor ama \u201cYurtta bar\u0131\u015f D\u00fcnyada bar\u0131\u015f\u201d ,tam ba\u011f\u0131ms\u0131zl\u0131k ilkesine uymuyor\u00a0 denmesini istemem.<br \/>\nHukuk devletini savunuyor ama partinin hukukuna uymuyor denmesini de istemem.<br \/>\nBunun i\u00e7in de\u00a0\u00a0 s\u00f6ylem ve eylemlerde CHPli gibi davranmak gerekiyor.<br \/>\nB\u00fct\u00fcn ihanetlere kars\u0131 durmak,<br \/>\nT\u00fcrkiye Cumhuriyetini korumak ya\u015fatmak CHPlilerin\u00a0 g\u00f6revidir.<br \/>\nBu g\u00f6revinizdeki \u00e7al\u0131\u015fmalarda basar\u0131lar dilerim.<br \/>\nSevgi ve sayg\u0131lar\u0131mla\u00a0\u00a0\u00a0\u00a0 25.11.2011<br \/>\nMazlum Vural<br \/>\nCHP \u0130stanbul\/Ey\u00fcp il\u00e7esi \u00fcyesi<\/p>\n<p><span style=\"color: #ff0000;\">Say\u0131n Gen\u00e7<\/span><br \/>\nUlusal kanalda dersim tart\u0131\u015fmalar\u0131 ile ilgili g\u00f6r\u00fc\u015flerinizi dinledim.<br \/>\n<span style=\"color: #ff0000;\">\u201cArkada\u015flar oyuna geliyor \u201c<\/span>diyorsunuz.<br \/>\nOyunu\u00a0\u00a0 Avrupa Parlamentosu Dersim Konferanslar\u0131 yaparak.<br \/>\n\u0130ktidar ve Zaman gibi yanda\u015f gazeteler\u00a0 kurmuyor mu?<br \/>\n\u0130lk deneme, Onur \u00d6ymen\u2019in ter\u00f6r konusunda dersime at\u0131f yap\u0131nca yap\u0131lmad\u0131 m\u0131?<br \/>\nKatliam diyenler, Alevili\u011fi sap\u0131k mezhep g\u00f6ren ,Alevileri dinsiz katli vacip g\u00f6ren zihniyet temsil edenler de\u011fil mi?<br \/>\n<span style=\"color: #ff0000;\">Sald\u0131r\u0131 Cumhuriyete,partimize, Atat\u00fcrk\u2019e cumhuriyetin kadrolar\u0131na de\u011fil midir?<br \/>\n<\/span>Oyun \u00e7ocuk oyunumudur ki, arkada\u015flar oyuna geliyor diyorsunuz?<br \/>\n<span style=\"color: #ff0000;\">K\u0131l\u0131\u00e7daro\u011flu, Ayg\u00fcn, PM, 133 vekil bunlar\u0131 g\u00f6remiyorlarsa vay halimize.<br \/>\n<\/span>Atat\u00fcrk\u2019\u00fcn bize ihtiyac\u0131 yok.Cumhuriyeti ve CHP yi amenet etmi\u015f hakka y\u00fcr\u00fcm\u00fc\u015f.<br \/>\nAlevilerin,Tunceli\u2019nin, T\u00fcrk halk\u0131n\u0131n Atat\u00fcrk\u2019e ihtiyac\u0131 var.<br \/>\nCumhuriyete CHP ye sald\u0131r\u0131 yap\u0131l\u0131rken nas\u0131l k\u0131yar da bir g\u00fcl atar\u0131z.<br \/>\nBizler, g\u00fcl\u00a0 bile atmayan pir sultanin yolundan gidenleriz.<br \/>\nBunun i\u00e7in de, Atat\u00fcrk\u2019\u00fc can\u0131mdan \u00e7ok severim diyorsunuz.<br \/>\nABD-AB nato arac\u0131l\u0131\u011f\u0131 ile M\u00fcsl\u00fcmanlara kars\u0131 hacl\u0131 savas\u0131 a\u00e7m\u0131\u015f durumdalar.<br \/>\nOnlar\u0131n i\u015fbirlik\u00e7ileri Cumhuriyet y\u0131k\u0131c\u0131lar\u0131 de\u011fil mi?<br \/>\nKatliam diyenler,Irakta 1,5 milyona yak\u0131n insani katletmedi mi?Partimiz hay\u0131r dedi.<br \/>\nBar\u0131\u015f\u0131 savunmak, \u201cYurtta bar\u0131\u015f D\u00fcnyada bar\u0131\u015f\u201d CHPlilerin temel ilkesi de\u011fil mi?<br \/>\nCHP Milletvekilisiniz Libya teskeresine evet bu ilkeye ayk\u0131r\u0131 hareket de\u011fil mi?<br \/>\nProgram ve t\u00fcz\u00fc\u011fe ayk\u0131r\u0131 hareket parti sucu de\u011fil mi?G.B.K\u0131l\u0131\u00e7daro\u011flu PM ve101 vekil partinin ilkesine uyarak halk\u0131m\u0131za hacl\u0131 savas\u0131na hay\u0131r Libya\u2019n\u0131n yan\u0131nday\u0131z dediler mi?<br \/>\nGazi Mustafa Kemal Libya da \u0130talyanlara kars\u0131 sava\u015f verdi.Libya teskerene evetle \u0130talyanlarla birlikte Libya\u2019y\u0131 bombalarla yerle bir ettik.\u0130\u015fgal edildi ve Libya\u2019n\u0131n Atat\u00fcrk\u2019\u00fcn\u00fc lin\u00e7 ederek katlettiler. Alevilileri katledenleri,Atat\u00fcrk\u2019e sald\u0131ranlar\u0131n y\u00fczlerini bir kez daha g\u00f6rd\u00fcn\u00fcz<br \/>\nSimdi s\u00f6yleyin ,Ehlibeyt ask\u0131na pirimiz ask\u0131na Libya teskeresi Atat\u00fcrk\u2019\u00fc arkadan vurmak de\u011fil midir? Partinin ba\u011fr\u0131na vurulmu\u015f han\u00e7er de\u011fil midir?<br \/>\n<span style=\"color: #ff0000;\">Atat\u00fcrk\u2019\u00fc can\u0131m\u0131zdan da \u00e7ok severiz, lafta m\u0131 kalacak?<\/span><br \/>\nG\u00fcllerimizi\u00a0 atmak i\u00e7in de\u011fil, o g\u00fcn geldi\u011finde Atalar\u0131m\u0131z\u0131n mezarlar\u0131n\u0131n yan\u0131na koymak i\u00e7in saklayal\u0131m.B\u00f6l\u00fcc\u00fc gazetede bir yazar, Ayg\u00fcn ve siz secilince \u201cDersim kaybetti Tunceli kazand\u0131\u201ddiye yazd\u0131. K\u0131l\u0131\u00e7daro\u011flu Odatv ye bask\u0131n yap\u0131ld\u0131\u011f\u0131 g\u00fcn yanda\u015f zaman\u0131 ziyaret etti Arkada\u015flar\u0131n\u0131z Zamana r\u00f6portaj veriyor.\u00a0 D\u00fc\u015f\u00fcn\u00fcn;<br \/>\nPartinin T\u00fcz\u00fck ve program\u0131na uymayana CHPli denir mi?<br \/>\nHer kim partinin ilkelerine ayk\u0131r\u0131 hareket eder, sessiz mi kalaca\u011f\u0131z? \u0130zlemek onaylamak de\u011fil midir? \u0130ktidar orta\u011f\u0131 SHP d\u00f6nemi, parti yedi\u011fi gollerle k\u00fcme d\u00fc\u015ft\u00fc.yasad\u0131n\u0131z.<br \/>\nSay\u0131n Gen\u00e7 CHP milletvekili olman\u0131z\u0131 yeterli bulamam.<br \/>\nSiz ba\u011f\u0131ms\u0131z olarak ta ilinizi temsil etmi\u015f, taktir etti\u011fim bir milletvekilisiniz.<br \/>\nSizden,Atat\u00fcrk\u2019\u00fc temsil eden CHPli Tunceli milletvekili durusu bekliyorum<br \/>\nH\u00fcrmetle ellerinizde \u00f6perim<br \/>\nSevgi ve Sayg\u0131lar\u0131mla<br \/>\n25.11.2011<br \/>\nMazlum Vural\u00a0\u00a0\u00a0\u00a0\u00a0 CHP \u0130stanbul\/Ey\u00fcp il\u00e7esi \u00fcyesi<\/p>\n<p><strong>Say\u0131n ince<\/strong><br \/>\nMecliste\u00a0 haks\u0131z ve hukuksuz\u00a0 fezlekeyi y\u0131rtt\u0131n\u0131z.(Onayl\u0131yorum)<br \/>\nMilletin vekiline yap\u0131lan\u0131 milletin k\u00fcrs\u00fcs\u00fcnde tepkinizi g\u00f6sterdiniz.<br \/>\nY\u0131rtt\u0131\u011f\u0131n\u0131z ka\u011f\u0131tlarla <span style=\"color: #ff0000;\">Hastal da, Silivri de ordumuzun komutanlar\u0131,gazeteciler,bilim adamlar\u0131 vs, tutsak al\u0131nm\u0131\u015ft\u0131r.onlar\u0131n vekili olarak ta ayn\u0131 tepkiyi vermenizi bekliyorum.<\/span><br \/>\nT\u00fcrk milletinin vekili oldu\u011funuz s\u00fcrece yan\u0131n\u0131zda olmaya devam edece\u011fiz.<br \/>\nSevgi ve Sayg\u0131lar\u0131mla<br \/>\n23.11.2011<br \/>\nMazlum Vural\u00a0\u00a0\u00a0\u00a0\u00a0 CHP \u0130stanbul\/Ey\u00fcp il\u00e7esi \u00fcyesi<\/p>\n","protected":false},"excerpt":{"rendered":"<p>Say\u0131n ince &#8220;Padi\u015fahl\u0131\u011fa \u00f6zenen bir Meclis Ba\u015fkan\u0131.\u201d Var diyorsunuz. Cumhuriyet Bayram\u0131 t\u00f6renlerini kutlamayan, Atat\u00fcrk&#8217;\u00fc Anma G\u00fcn\u00fc&#8217;n\u00fcn davetini fotokopi ka\u011f\u0131d\u0131na basan Meclis Ba\u015fkan\u0131&#8217;n\u0131n davetinde ne i\u015fim var.&#8221; Dediniz. \u201cBiz bu topraklarda kefensiz yatanlar\u0131n torunlar\u0131y\u0131z\u201dDiyen bir CHPli nas\u0131l olurda padi\u015faha \u00f6zenen meclis &hellip; <a href=\"https:\/\/www.chpuye.com\/?page_id=789\">Okumaya devam et <span class=\"meta-nav\">&rarr;<\/span><\/a><\/p>\n","protected":false},"author":1,"featured_media":0,"parent":54,"menu_order":0,"comment_status":"open","ping_status":"open","template":"","meta":[],"_links":{"self":[{"href":"https:\/\/www.chpuye.com\/index.php?rest_route=\/wp\/v2\/pages\/789"}],"collection":[{"href":"https:\/\/www.chpuye.com\/index.php?rest_route=\/wp\/v2\/pages"}],"about":[{"href":"https:\/\/www.chpuye.com\/index.php?rest_route=\/wp\/v2\/types\/page"}],"author":[{"embeddable":true,"href":"https:\/\/www.chpuye.com\/index.php?rest_route=\/wp\/v2\/users\/1"}],"replies":[{"embeddable":true,"href":"https:\/\/www.chpuye.com\/index.php?rest_route=%2Fwp%2Fv2%2Fcomments&post=789"}],"version-history":[{"count":1,"href":"https:\/\/www.chpuye.com\/index.php?rest_route=\/wp\/v2\/pages\/789\/revisions"}],"predecessor-version":[{"id":2871,"href":"https:\/\/www.chpuye.com\/index.php?rest_route=\/wp\/v2\/pages\/789\/revisions\/2871"}],"up":[{"embeddable":true,"href":"https:\/\/www.chpuye.com\/index.php?rest_route=\/wp\/v2\/pages\/54"}],"wp:attachment":[{"href":"https:\/\/www.chpuye.com\/index.php?rest_route=%2Fwp%2Fv2%2Fmedia&parent=789"}],"curies":[{"name":"wp","href":"https:\/\/api.w.org\/{rel}","templated":true}]}}