{"id":745,"date":"2011-11-08T13:16:48","date_gmt":"2011-11-08T13:16:48","guid":{"rendered":"http:\/\/www.chpuye.com\/?page_id=745"},"modified":"2011-11-08T13:16:48","modified_gmt":"2011-11-08T13:16:48","slug":"tuzuk-calistayi","status":"publish","type":"page","link":"https:\/\/www.chpuye.com\/?page_id=745","title":{"rendered":"T\u00fcz\u00fck \u00e7al\u0131\u015ftay\u0131"},"content":{"rendered":"<p>T\u00fcz\u00fck \u00e7al\u0131\u015ftay\u0131<br \/>\nBu b\u00f6l\u00fcmde t\u00fcz\u00fc\u011f\u00fcm\u00fczde tespit etti\u011finiz anti demokratik maddeler konusunda g\u00f6r\u00fc\u015f ve \u00f6nerilerimizi tart\u0131\u015faca\u011f\u0131z. Eksiklikler g\u00f6rd\u00fc\u011f\u00fcn\u00fcz b\u00f6l\u00fcmlere \u00f6neri yapaca\u011f\u0131z. \u00e7al\u0131\u015ftay&nbsp;da&nbsp; t\u00fcz\u00fck de\u011fi\u015fmelidir s\u00f6ylemini , t\u00fcz\u00fc\u011f\u00fcn&nbsp; x,y,z, maddeleri&nbsp; su \u015fekilde de\u011fi\u015fmelidir diyece\u011fiz.<br \/>\n\u00dcyelerin ortak g\u00f6r\u00fcs\u00fc oldu\u011funda yetkili&nbsp; organlara t\u00fcz\u00fck \u00f6nerileri sunulacakt\u0131r.<br \/>\n<span style=\"color: #ff0000;\">Genel ba\u015fkan&nbsp; ve bir \u00fcyenin ayn\u0131 haklara sahip oldu\u011fu bir partide bu hukuku bozan t\u00fcm engeller kald\u0131r\u0131lmal\u0131d\u0131r. Parti \u00fcyelerinin y\u00f6netime kat\u0131l\u0131mlar\u0131n\u0131 engelleyen t\u00fcz\u00fck maddeleri de\u011fi\u015fmelidir. <\/span>AMACIMIZ, CHP\u2019yi Atat\u00fcrk\u00e7\u00fc ve devrimci ilkeleriyle, gelenekleriyle, \u00fcyelerin y\u00f6netime kat\u0131lma hakk\u0131n\u0131 engelsiz kulland\u0131\u011f\u0131, parti i\u00e7i demokrasinin eksiksiz uyguland\u0131\u011f\u0131 bir parti haline getirmektir.<br \/>\n<strong>\u00d6neriler<br \/>\n<\/strong><strong>T\u00fcz\u00fcg\u00fcn ilk 5 maddenin \u00f6z\u00fc korunmadan 1 kelime bile de\u011fi\u015ftirilemez<br \/>\n<\/strong>1-Madde- 49&nbsp; kongre ve kurultay cagr\u0131lar\u0131ndaki \u201cnoterden onayl\u0131\u201d &nbsp;\u015fart\u0131 \u00e7\u0131kar\u0131lmal\u0131.<br \/>\n2- Disiplin kurular\u0131 secimi y\u00f6netimlerden tamamen ba\u011f\u0131ms\u0131z olmal\u0131.<br \/>\n3-\u201cCHP, y\u00f6netimde \u00e7o\u011fulculu\u011fu, kat\u0131l\u0131mc\u0131l\u0131\u011f\u0131 ve demokratikle\u015fmeyi ama\u00e7lamakta; Devlet y\u00f6netiminde kat\u0131l\u0131mc\u0131 ve \u00e7o\u011fulcu yap\u0131lanma esas al\u0131nacak:\u201d program\u0131nda yaz\u0131lan bu ilke parti i\u00e7inde de uygulan\u0131p, buna&nbsp;engel b\u00fct\u00fcn maddeler kalkmal\u0131?<br \/>\n4-Se\u00e7tikleri y\u00f6netimleri, de\u011fi\u015ftirme hakk\u0131&nbsp; \u00fcyelerin olmayacakta kimin olacak. % 10 aday \u00f6nermek icin \u00f6nerge verme, k\u00fcrs\u00fc \u00f6n\u00fcnde imza derhal kald\u0131r\u0131lmal\u0131.<br \/>\n5-Madde 7&nbsp; B\/ b) Parti i\u00e7i se\u00e7imlerde oy vermek, se\u00e7mek.&nbsp; De\u011fi\u015fmeli.<br \/>\nGenel ve yerel se\u00e7imlerde, Parti i\u00e7i se\u00e7imlerde aday olmak, oy vermek, se\u00e7mek secilmek.&nbsp;Seklinde olmal\u0131.<br \/>\n<strong>6- Madde 12 Merkez Y\u00f6netim Kurulu ile \u00fcyelik&nbsp; tamamen kald\u0131r\u0131lmal\u0131<\/strong>. Bu nedenle aday \u00fcyelik 8. maddeye,&nbsp; partilere yasal olarak \u00fcye olamayan kamu g\u00f6revlilerinden, secimlerde&nbsp;g\u00f6revlerinden istifa edip&nbsp;aday olanlardan&nbsp;aday \u00fcyelik \u015fart\u0131 aranmaz. \u00dcyeliklerine 10 g\u00fcn i\u00e7inde itiraz gelmez ise \u00fcyelik haklar\u0131n\u0131 kullan\u0131rlar.&nbsp; Seklinde bir madde ilave edilmeli.<br \/>\n12. maddenin kal\u0131nt\u0131lar\u0131 b\u00fct\u00fcn maddelerden \u00e7\u0131kar\u0131lmal\u0131.<br \/>\n7- Kurultayda, il ve ilce kongrelerinde organ se\u00e7imleri Tek ve Ortak Liste (\u00c7ar\u015faf Liste) ile yap\u0131l\u0131r.<br \/>\n8-<strong>Madde-58 Yerel se\u00e7imlerde TBMM se\u00e7imleri i\u00e7in adaylar\u0131n belirlenmesi \u00d6nse\u00e7im, partiye yaz\u0131l\u0131 \u00fcyelerin kat\u0131l\u0131m\u0131 ile yap\u0131l\u0131r. (SPK.36) <\/strong>seklinde olmal\u0131 eskisi tamamen kalkmal\u0131.<br \/>\n9- Y\u00f6netim organlar\u0131nda is b\u00f6l\u00fcm\u00fc \u00f6nceki t\u00fcz\u00fc\u011f\u00fcn maddelerine g\u00f6re yap\u0131lmal\u0131d\u0131r.ba\u015fkanlara istedi\u011fini atama yetkisi kald\u0131r\u0131lmal\u0131d\u0131r.1\/3 ile y\u00f6netimler gerek g\u00f6rd\u00fc\u011f\u00fcnde g\u00f6rev de\u011fi\u015fikli\u011fi yapmal\u0131d\u0131r. Salt \u00e7o\u011funlukla da yeni g\u00f6revlendirme yap\u0131lmal\u0131.<br \/>\nSu an bir MYK&nbsp; \u00fcyesine PM&#8217;nin yar\u0131s\u0131 itiraz edecek&nbsp; o hala g\u00f6revinin bas\u0131nda olacak. B\u00f6yle sa\u00e7ma \u015fey olur mu.Yar\u0131dan 1 fazla ile genel ba\u015fkan se\u00e7ilip de\u011fi\u015fiyor MYK \u00fcyesi de\u011fi\u015femiyor.<\/p>\n","protected":false},"excerpt":{"rendered":"<p>T\u00fcz\u00fck \u00e7al\u0131\u015ftay\u0131 Bu b\u00f6l\u00fcmde t\u00fcz\u00fc\u011f\u00fcm\u00fczde tespit etti\u011finiz anti demokratik maddeler konusunda g\u00f6r\u00fc\u015f ve \u00f6nerilerimizi tart\u0131\u015faca\u011f\u0131z. Eksiklikler g\u00f6rd\u00fc\u011f\u00fcn\u00fcz b\u00f6l\u00fcmlere \u00f6neri yapaca\u011f\u0131z. \u00e7al\u0131\u015ftay&nbsp;da&nbsp; t\u00fcz\u00fck de\u011fi\u015fmelidir s\u00f6ylemini , t\u00fcz\u00fc\u011f\u00fcn&nbsp; x,y,z, maddeleri&nbsp; su \u015fekilde de\u011fi\u015fmelidir diyece\u011fiz. \u00dcyelerin ortak g\u00f6r\u00fcs\u00fc oldu\u011funda yetkili&nbsp; organlara t\u00fcz\u00fck \u00f6nerileri &hellip; <a href=\"https:\/\/www.chpuye.com\/?page_id=745\">Okumaya devam et <span class=\"meta-nav\">&rarr;<\/span><\/a><\/p>\n","protected":false},"author":1,"featured_media":0,"parent":0,"menu_order":0,"comment_status":"closed","ping_status":"open","template":"","meta":[],"_links":{"self":[{"href":"https:\/\/www.chpuye.com\/index.php?rest_route=\/wp\/v2\/pages\/745"}],"collection":[{"href":"https:\/\/www.chpuye.com\/index.php?rest_route=\/wp\/v2\/pages"}],"about":[{"href":"https:\/\/www.chpuye.com\/index.php?rest_route=\/wp\/v2\/types\/page"}],"author":[{"embeddable":true,"href":"https:\/\/www.chpuye.com\/index.php?rest_route=\/wp\/v2\/users\/1"}],"replies":[{"embeddable":true,"href":"https:\/\/www.chpuye.com\/index.php?rest_route=%2Fwp%2Fv2%2Fcomments&post=745"}],"version-history":[{"count":0,"href":"https:\/\/www.chpuye.com\/index.php?rest_route=\/wp\/v2\/pages\/745\/revisions"}],"wp:attachment":[{"href":"https:\/\/www.chpuye.com\/index.php?rest_route=%2Fwp%2Fv2%2Fmedia&parent=745"}],"curies":[{"name":"wp","href":"https:\/\/api.w.org\/{rel}","templated":true}]}}