{"id":685,"date":"2011-06-29T10:27:16","date_gmt":"2011-06-29T10:27:16","guid":{"rendered":"http:\/\/www.chpuye.com\/?page_id=685"},"modified":"2011-06-29T10:27:16","modified_gmt":"2011-06-29T10:27:16","slug":"chpde-kemalist-kontenjan","status":"publish","type":"page","link":"https:\/\/www.chpuye.com\/?page_id=685","title":{"rendered":"CHP\u2019DE KEMAL\u0130ST KONTENJAN"},"content":{"rendered":"<p>&#8230;Kemalistler yok! Kemalistlere kontenjan verilmemi\u015f!\u201d&#8230;<br \/>\nT\u00fcrkiye B\u00fcy\u00fck Millet Meclisi\u2019ni, B\u00fcy\u00fck Devrimci Mustafa Kemal kurdu. Kim ne t\u00fcr engelleme yaparsa yaps\u0131n, er ya da ge\u00e7, Kemalistler Meclis\u2019e ezici \u00e7o\u011funlukla gireceklerdir, bundan hi\u00e7 kimsenin ku\u015fkusu olmas\u0131n! Y\u0131lmaz Dikba\u015f 2 Nisan 2011<br \/>\n<a href=\"http:\/\/www.kalinka.com.tr\/default.asp?islem=sayfa&amp;id=287\">http:\/\/www.kalinka.com.tr\/default.asp?islem=sayfa&amp;id=287<\/a><\/p>\n","protected":false},"excerpt":{"rendered":"<p>&#8230;Kemalistler yok! Kemalistlere kontenjan verilmemi\u015f!\u201d&#8230; T\u00fcrkiye B\u00fcy\u00fck Millet Meclisi\u2019ni, B\u00fcy\u00fck Devrimci Mustafa Kemal kurdu. Kim ne t\u00fcr engelleme yaparsa yaps\u0131n, er ya da ge\u00e7, Kemalistler Meclis\u2019e ezici \u00e7o\u011funlukla gireceklerdir, bundan hi\u00e7 kimsenin ku\u015fkusu olmas\u0131n! Y\u0131lmaz Dikba\u015f 2 Nisan 2011 http:\/\/www.kalinka.com.tr\/default.asp?islem=sayfa&amp;id=287<\/p>\n","protected":false},"author":1,"featured_media":0,"parent":90,"menu_order":0,"comment_status":"closed","ping_status":"open","template":"","meta":[],"_links":{"self":[{"href":"https:\/\/www.chpuye.com\/index.php?rest_route=\/wp\/v2\/pages\/685"}],"collection":[{"href":"https:\/\/www.chpuye.com\/index.php?rest_route=\/wp\/v2\/pages"}],"about":[{"href":"https:\/\/www.chpuye.com\/index.php?rest_route=\/wp\/v2\/types\/page"}],"author":[{"embeddable":true,"href":"https:\/\/www.chpuye.com\/index.php?rest_route=\/wp\/v2\/users\/1"}],"replies":[{"embeddable":true,"href":"https:\/\/www.chpuye.com\/index.php?rest_route=%2Fwp%2Fv2%2Fcomments&post=685"}],"version-history":[{"count":0,"href":"https:\/\/www.chpuye.com\/index.php?rest_route=\/wp\/v2\/pages\/685\/revisions"}],"up":[{"embeddable":true,"href":"https:\/\/www.chpuye.com\/index.php?rest_route=\/wp\/v2\/pages\/90"}],"wp:attachment":[{"href":"https:\/\/www.chpuye.com\/index.php?rest_route=%2Fwp%2Fv2%2Fmedia&parent=685"}],"curies":[{"name":"wp","href":"https:\/\/api.w.org\/{rel}","templated":true}]}}