{"id":623,"date":"2011-05-15T07:52:15","date_gmt":"2011-05-15T07:52:15","guid":{"rendered":"http:\/\/www.chpuye.com\/?page_id=623"},"modified":"2011-05-15T07:52:15","modified_gmt":"2011-05-15T07:52:15","slug":"parti-hukuka-uymayanlardan-kurtarilmalidir","status":"publish","type":"page","link":"https:\/\/www.chpuye.com\/?page_id=623","title":{"rendered":"\u00dcyelere"},"content":{"rendered":"<p><span style=\"color: #ff0000;\"><strong>Parti,hukuka uymayanlardan kurtar\u0131lmal\u0131d\u0131r<\/strong><br \/>\nK\u0131l\u0131\u00e7daro\u011flu ba\u015fkanl\u0131\u011f\u0131ndaki MYK parti sucu isledi ve islemeye devam ediyor.<br \/>\n<\/span>Parti sucu isleyen y\u00f6netimin her yapt\u0131\u011f\u0131 hukuk d\u0131\u015f\u0131d\u0131r.<br \/>\nHukuksuzlu\u011fa u\u011frayan y\u00f6neticiler laftan \u00f6teye bir \u015fey yapmamaktad\u0131rlar.<br \/>\nHukuksuz g\u00f6revden al\u0131nanlar\u0131n yerlerine atananlar da parti sucu islemektedir.<br \/>\nHaks\u0131z hukuksuz eylemlere kars\u0131 gereken her \u015fey yap\u0131lmal\u0131d\u0131r.<br \/>\nParti sucu isleyenleri disiplin kurullar\u0131na vermek, sucu isleyeni kendini kuruluna sevk et demek olacakt\u0131r. &nbsp;Y.Disiplin Kuruluna 3.5 ay \u00f6nce verilmi\u015f dilek\u00e7e vard\u0131r.<br \/>\nYinede disiplin kurullar\u0131na dilek\u00e7eler verin.<br \/>\nHani t\u00fcz\u00fc\u011f\u00fc niye uygulam\u0131yorsunuz diyen Yarg\u0131tay Cumhuriyet savc\u0131s\u0131 beklemeyin.<br \/>\nG\u00f6revleri olmas\u0131na ra\u011fmen t\u00fcz\u00fc\u011fe ayk\u0131r\u0131 hukuksuzluklara ses \u00e7\u0131kard\u0131klar\u0131n\u0131 g\u00f6remezsiniz.<br \/>\nHukuksuzlu\u011fun s\u0131n\u0131r\u0131 yoktur. Parti y\u00f6netimi partinin sa\u011flam kalan yerlerini y\u0131kmaya devam edecektir.Baykal\u2019\u0131n olanlara itiraz\u0131 yoktur. Kilcdarogu ba\u015fkanl\u0131\u011f\u0131ndaki yeni Baykalc\u0131lar Baykal y\u00f6netimindeki&nbsp; Baykalc\u0131lar\u0131 hukuksuzluk ve kadrola\u015fmayla ge\u00e7ecektir.<br \/>\nTasfiye edilenler bende Baykalc\u0131y\u0131m diyebilirler.Neden tasfiye edildi\u011fini kendileri daha iyi bilir. D\u00fc\u015f\u00fcns\u00fcnler.<br \/>\nProgram ve T\u00fcz\u00fc\u011fe ayk\u0131r\u0131 hareketlere g\u00f6z yummak ve yard\u0131mc\u0131 olmakta parti sucudur.<br \/>\nSevgili CHP liler;<br \/>\n<span style=\"color: #ff0000;\">sa\u011fda solda sadece konu\u015fan, ka\u011f\u0131t \u00fcst\u00fcnde \u00fcye olarak m\u0131 kalacaks\u0131n\u0131z?<\/span><br \/>\n<span style=\"color: #ff0000;\">Yoksa imza att\u0131\u011f\u0131n\u0131z program ve t\u00fcz\u00fc\u011fe uyan \u00d6zg\u00fcr bir \u00fcye mi olacaks\u0131n\u0131z?<br \/>\n<\/span>Partinize sahip \u00e7\u0131k\u0131n, \u00e7\u0131kmayan \u00fcyelikten istifa etsin hi\u00e7 olmazsa sessiz kalarak parti sucu islememi\u015f olur.Partiyi parti yapacak biz \u00fcyeleriz.<br \/>\nBak\u0131n delegelerin se\u00e7ti\u011fi&nbsp; y\u00f6netimler g\u00f6revden al\u0131n\u0131yor.Delege olmak i\u00e7in arkada\u015f\u0131n\u0131, kom\u015fusunu k\u0131ranlar, art\u0131k yeni Baykalc\u0131lar\u0131n sizlere de ihtiyac\u0131 yok Se\u00e7mi\u015f oldu\u011funuz y\u00f6netimleri hukuk d\u0131\u015f\u0131 g\u00f6revden al\u0131p yerlerine yenilerini at\u0131yorlar.Bu operasyon tamamland\u0131\u011f\u0131nda kendi \u00e7\u0131karlar\u0131n\u0131 d\u00fc\u015f\u00fcnenlerin&nbsp; o g\u00f6revlerde.% 90&nbsp; da olmayacak<br \/>\nTek ve kal\u0131c\u0131 \u00e7\u00f6z\u00fcm \u00fcyelerin partilerine sahip \u00e7\u0131kmas\u0131ndad\u0131r.parti hukukuna sahip \u00e7\u0131kmak bizlerin ve \u00fclkenin yarar\u0131nad\u0131r.G\u00f6n\u00fcl rahatl\u0131\u011f\u0131 ile destekleyece\u011fimiz y\u00f6neticileri se\u00e7mek bizlerin elindedir.\u00dcyelerin g\u00f6revlerini yapmamas\u0131 partiyi keyfi y\u00f6netenlerin isine gelir.<br \/>\nKendi aran\u0131zda konusun, ilce y\u00f6netimlerine bak\u0131p neler yapt\u0131klar\u0131na parti hukukuna uyup uymad\u0131\u011f\u0131n\u0131 kontrol edin. \u0130l y\u00f6netimlerine genel merkez y\u00f6netimlerine bak\u0131n.S\u00f6ylem ve eylemlerinde partinin hukukuna uyuyorlar mi? <span style=\"color: #ff0000;\">\u00d6ncelikli hedef parti hukukuna uymayanlar\u0131 partiden uzakla\u015ft\u0131rmakt\u0131r. <\/span>G\u00f6revlerini hukuk i\u00e7inde yapan yeterince \u00e7al\u0131\u015fmayanlar olabilir onlara yard\u0131mc\u0131 olunmal\u0131d\u0131r. Ba\u015far\u0131l\u0131 olmayanlar\u0131 de\u011fi\u015ftirme yolu kongrelerdir.<br \/>\nHukuk yoksa bar\u0131\u015f da yoktur. \u00d6ncelikle parti hukukuna uymayanlar hedefte olmal\u0131 onlar ayr\u0131m yap\u0131lmadan g\u00f6revlerinden uzakla\u015ft\u0131r\u0131lmal\u0131d\u0131r.<span style=\"color: #ff0000;\">Hak hukuk tan\u0131mayanlar partili de\u011fildir.T\u00fcz\u00fck ve programa uymayanlar\u0131 partili olarak g\u00f6remeyiz.M\u00fccadele partiyi partili olmayanlardan&nbsp; kurtarma m\u00fccadelesidir. <\/span>Okumayanlar t\u00fcz\u00fc\u011f\u00fc okusun ve baslas\u0131n onu uygulamaya. Neler yapabiliriz?<br \/>\n1-&nbsp;&nbsp;&nbsp;&nbsp; Hukuksuzluklara kars\u0131 mahkemelere dava a\u00e7\u0131lmal\u0131d\u0131r<br \/>\n2-&nbsp;&nbsp;&nbsp;&nbsp; Derhal ola\u011fan\u00fcst\u00fc kongreler toplanmal\u0131 atanm\u0131\u015flar g\u00f6revlerinden uzakla\u015ft\u0131rmal\u0131d\u0131r. Yerlerine g\u00fcc\u00fcn\u00fc \u00fcyelerden alan, parti hukukuna uyacak kadrolar getirilmelidir<br \/>\n3-&nbsp;&nbsp;&nbsp;&nbsp; Hukuksuzluk yapm\u0131\u015f g\u00f6z yummu\u015f y\u00f6neticileri asla se\u00e7meyin. \u00d6z ele\u015ftiri yapanlar varsa onlar haklar\u0131n\u0131 kulland\u0131 ba\u015fkalar\u0131 kullans\u0131n deyin.<br \/>\n4-&nbsp;&nbsp;&nbsp;&nbsp; Yap\u0131lan b\u00fct\u00fcn \u00e7al\u0131\u015fmalar ac\u0131k yap\u0131lmal\u0131. B\u00fct\u00fcn \u00fcyeler \u00e7al\u0131\u015fmalara kat\u0131lmal\u0131 haberdar edilmelidir.Y\u00f6netimlerde g\u00f6rev alacaklar\u0131&nbsp; \u00f6nceden herkes bilmelidir.\u00d6rg\u00fct toplant\u0131larda adaylar tart\u0131\u015f\u0131lmal\u0131 itiraz edileceklere a\u00e7\u0131k\u00e7a itiraz edilmelidir..<br \/>\nPartide hukuk ve demokrasi yoksa \u00fclkede de olmayacakt\u0131r.<br \/>\n\u00d6ncelikli g\u00f6revimiz, partide hukuku hakim k\u0131lmal\u0131y\u0131z.<br \/>\n<span style=\"color: #ff0000;\">Hukuka uymayanlar 1 dakika dahi partide kalmaz, kalmamal\u0131d\u0131r<\/span><br \/>\nHaydi hep birlikte, Partimizi g\u00f6n\u00fcl rahatl\u0131\u011f\u0131 ile destekleyece\u011fimiz g\u00fcc\u00fcn\u00fc \u00fcyelerden (halktan) alan y\u00f6neticilerin y\u00f6netti\u011fi parti yapal\u0131m.<br \/>\nChpuye.com 15.5.11<\/p>\n","protected":false},"excerpt":{"rendered":"<p>Parti,hukuka uymayanlardan kurtar\u0131lmal\u0131d\u0131r K\u0131l\u0131\u00e7daro\u011flu ba\u015fkanl\u0131\u011f\u0131ndaki MYK parti sucu isledi ve islemeye devam ediyor. Parti sucu isleyen y\u00f6netimin her yapt\u0131\u011f\u0131 hukuk d\u0131\u015f\u0131d\u0131r. Hukuksuzlu\u011fa u\u011frayan y\u00f6neticiler laftan \u00f6teye bir \u015fey yapmamaktad\u0131rlar. Hukuksuz g\u00f6revden al\u0131nanlar\u0131n yerlerine atananlar da parti sucu islemektedir. Haks\u0131z hukuksuz &hellip; <a href=\"https:\/\/www.chpuye.com\/?page_id=623\">Okumaya devam et <span class=\"meta-nav\">&rarr;<\/span><\/a><\/p>\n","protected":false},"author":1,"featured_media":0,"parent":0,"menu_order":0,"comment_status":"closed","ping_status":"open","template":"","meta":[],"_links":{"self":[{"href":"https:\/\/www.chpuye.com\/index.php?rest_route=\/wp\/v2\/pages\/623"}],"collection":[{"href":"https:\/\/www.chpuye.com\/index.php?rest_route=\/wp\/v2\/pages"}],"about":[{"href":"https:\/\/www.chpuye.com\/index.php?rest_route=\/wp\/v2\/types\/page"}],"author":[{"embeddable":true,"href":"https:\/\/www.chpuye.com\/index.php?rest_route=\/wp\/v2\/users\/1"}],"replies":[{"embeddable":true,"href":"https:\/\/www.chpuye.com\/index.php?rest_route=%2Fwp%2Fv2%2Fcomments&post=623"}],"version-history":[{"count":0,"href":"https:\/\/www.chpuye.com\/index.php?rest_route=\/wp\/v2\/pages\/623\/revisions"}],"wp:attachment":[{"href":"https:\/\/www.chpuye.com\/index.php?rest_route=%2Fwp%2Fv2%2Fmedia&parent=623"}],"curies":[{"name":"wp","href":"https:\/\/api.w.org\/{rel}","templated":true}]}}