{"id":56,"date":"2011-03-10T11:52:23","date_gmt":"2011-03-10T11:52:23","guid":{"rendered":"http:\/\/www.chpuye.com\/?page_id=56"},"modified":"2011-03-10T11:52:23","modified_gmt":"2011-03-10T11:52:23","slug":"chp-istanbul-kongre-uyelerine","status":"publish","type":"page","link":"https:\/\/www.chpuye.com\/?page_id=56","title":{"rendered":"\u0130stanbul kongre \u00fcyelerine"},"content":{"rendered":"<p><span style=\"color: #ff0000;\"><strong>Konu: \u0130stanbul il y\u00f6netimi-ne yapmal\u0131<\/strong><\/span><\/p>\n<p><strong><\/strong>MYK&#8217;muz hukuk d\u0131\u015f\u0131 bir atamayla il ba\u015fkan ve y\u00f6netimi atad\u0131.<br \/>\nAtamalarla parti y\u00f6netilemez.<br \/>\nParti y\u00f6netimi, \u00fcyeleri \u00e7al\u0131\u015fmalara katmadan ba\u015far\u0131l\u0131 olmaz.<br \/>\nParti y\u00f6netimi, \u00fcyeleri\u00a0b\u00fct\u00fcn \u00e7al\u0131\u015fmalara katmal\u0131d\u0131r.<br \/>\n\u0130l y\u00f6netimini se\u00e7mek sizlerin g\u00f6revidir.<br \/>\nParti y\u00f6netiminin \u00fcyeleri karar alma s\u00fcre\u00e7lerine katmamas\u0131 bir \u015fey de\u011fi\u015ftirmez,<br \/>\nMYK atam\u0131\u015f\u00a0 oldu\u011fu il y\u00f6netimini derhal g\u00f6revden almal\u0131.<br \/>\nMYK\u00a0 Dr. Nurettin S\u00f6zen (ya da e\u015fde\u011fer nitelikte biri) g\u00f6revlendirmeli.<br \/>\n3 hafta i\u00e7inde il kongresini toplanarak g\u00f6revlerinizi yap\u0131n.<br \/>\n\u201cIstanbul da il ba\u015fkanl\u0131\u011f\u0131 yapacak 20 bin ki\u015fi vard\u0131r\u201d\u00a0GBY. G\u00fcrsel Tekin<br \/>\nParti y\u00f6netimini mahcup etmeyin.<br \/>\nDerhal parti meclisinden, b\u00fct\u00fcn illerde \u00fcyelerin kat\u0131laca\u011f\u0131 \u00f6nse\u00e7im karar\u0131 al\u0131nmal\u0131.<br \/>\nVekil atama yok,\u00a0Parti y\u00f6netimi ve aday olmak isteyenler secim b\u00f6lgelerine gidip \u00e7al\u0131\u015fmal\u0131d\u0131r.<br \/>\nSe\u00e7im yeri Ankara de\u011fil T\u00fcrkiyedir.<br \/>\nBa\u015far\u0131 T\u00fcm T\u00fcrkiye&#8217;de \u00fcyelerle birlikte halk\u0131n i\u00e7inde \u00e7al\u0131\u015fmakla m\u00fcmk\u00fcnd\u00fcr.<\/p>\n<p>Gere\u011finin yap\u0131lmas\u0131n\u0131 arz ederim,<\/p>\n<p>10.03.2011<br \/>\nCHP \u0130stanbul\/Ey\u00fcp il\u00e7esi \u00fcyesi<br \/>\nMazlum Vural<\/p>\n","protected":false},"excerpt":{"rendered":"<p>Konu: \u0130stanbul il y\u00f6netimi-ne yapmal\u0131 MYK&#8217;muz hukuk d\u0131\u015f\u0131 bir atamayla il ba\u015fkan ve y\u00f6netimi atad\u0131. Atamalarla parti y\u00f6netilemez. Parti y\u00f6netimi, \u00fcyeleri \u00e7al\u0131\u015fmalara katmadan ba\u015far\u0131l\u0131 olmaz. Parti y\u00f6netimi, \u00fcyeleri\u00a0b\u00fct\u00fcn \u00e7al\u0131\u015fmalara katmal\u0131d\u0131r. \u0130l y\u00f6netimini se\u00e7mek sizlerin g\u00f6revidir. Parti y\u00f6netiminin \u00fcyeleri karar alma &hellip; <a href=\"https:\/\/www.chpuye.com\/?page_id=56\">Okumaya devam et <span class=\"meta-nav\">&rarr;<\/span><\/a><\/p>\n","protected":false},"author":1,"featured_media":0,"parent":623,"menu_order":0,"comment_status":"open","ping_status":"open","template":"","meta":[],"_links":{"self":[{"href":"https:\/\/www.chpuye.com\/index.php?rest_route=\/wp\/v2\/pages\/56"}],"collection":[{"href":"https:\/\/www.chpuye.com\/index.php?rest_route=\/wp\/v2\/pages"}],"about":[{"href":"https:\/\/www.chpuye.com\/index.php?rest_route=\/wp\/v2\/types\/page"}],"author":[{"embeddable":true,"href":"https:\/\/www.chpuye.com\/index.php?rest_route=\/wp\/v2\/users\/1"}],"replies":[{"embeddable":true,"href":"https:\/\/www.chpuye.com\/index.php?rest_route=%2Fwp%2Fv2%2Fcomments&post=56"}],"version-history":[{"count":0,"href":"https:\/\/www.chpuye.com\/index.php?rest_route=\/wp\/v2\/pages\/56\/revisions"}],"up":[{"embeddable":true,"href":"https:\/\/www.chpuye.com\/index.php?rest_route=\/wp\/v2\/pages\/623"}],"wp:attachment":[{"href":"https:\/\/www.chpuye.com\/index.php?rest_route=%2Fwp%2Fv2%2Fmedia&parent=56"}],"curies":[{"name":"wp","href":"https:\/\/api.w.org\/{rel}","templated":true}]}}