{"id":476,"date":"2011-03-29T05:30:47","date_gmt":"2011-03-29T05:30:47","guid":{"rendered":"http:\/\/www.chpuye.com\/?page_id=476"},"modified":"2011-03-29T05:30:47","modified_gmt":"2011-03-29T05:30:47","slug":"can-atakli-chp","status":"publish","type":"page","link":"https:\/\/www.chpuye.com\/?page_id=476","title":{"rendered":"Can Atakl\u0131-CHP"},"content":{"rendered":"<p class=\"MsoNormal\" style=\"margin: 0cm 0cm 0pt; mso-line-height-alt: 13.5pt;\"><span style=\"color: #ff0000;\"><strong><span style=\"font-size: 14pt; mso-bidi-font-size: 12.0pt;\"><strong><span style=\"font-family: Times New Roman;\">Demokrasiler de var m\u0131, tek ki\u015fi ile se\u00e7mek y\u00f6netmek?<\/span><\/strong><\/span><\/strong><\/span><strong><span style=\"color: black; font-size: 14pt; mso-bidi-font-size: 12.0pt;\"><br style=\"mso-special-character: line-break;\"><\/span><\/strong><span style=\"font-size: 14pt; mso-bidi-font-size: 12.0pt;\"><\/span><\/p>\n<p class=\"MsoNormal\" style=\"margin: 0cm 0cm 0pt;\"><span style=\"font-family: Times New Roman;\"><span style=\"font-family: Times New Roman; color: #000000;\"><span style=\"color: black; font-size: 14pt; mso-bidi-font-size: 12.0pt;\">Atakl\u0131 takip etti\u011fim biri. Demokrasi d\u0131\u015f\u0131 lider suntas\u0131n\u0131 savunan fikirlerine yard\u0131mc\u0131 olay\u0131m.Tutars\u0131z,<span style=\"color: #000000;\"><span style=\"mso-spacerun: yes;\"> <\/span>partileri \u015firket gibi g\u00f6ren bir anlay\u0131\u015fa sahip.Partiyi tan\u0131mayan ge\u00e7mi\u015fini de bilmeyen moda c\u00fcmlelerle d\u00fc\u015f\u00fcncelerini ifade ediyor. Bu d\u00fc\u015f\u00fcncede olan ba\u015fka k\u00f6se yazarlarda var onlarda yard\u0131mc\u0131 olal\u0131m.<\/span><\/span><\/span><span style=\"font-size: 14pt; mso-bidi-font-size: 12.0pt;\"><span style=\"color: #000000;\">&nbsp;<\/span><\/span><\/span><\/p>\n<p class=\"MsoNormal\" style=\"margin: 0cm 0cm 0pt;\"><span style=\"font-family: Times New Roman; color: #000000;\"><span style=\"color: black; font-size: 14pt; mso-bidi-font-size: 12.0pt;\"><span style=\"font-family: Times New Roman;\">Bak\u0131n<span style=\"color: #000000;\"><span style=\"mso-spacerun: yes;\"> <\/span>onun istedi\u011fi CHP<\/span><span style=\"color: #000000;\"><span style=\"mso-spacerun: yes;\"> <\/span>nas\u0131l olmal\u0131:<\/span><\/span><\/span><\/span><span style=\"font-size: 14pt; mso-bidi-font-size: 9.0pt;\"><br \/>\n<\/span><span style=\"color: #000000;\"><span style=\"font-family: Times New Roman;\"><span style=\"font-size: 14pt; mso-bidi-font-size: 12.0pt;\">\u201c1-\u00d6rg\u00fct dedi\u011finiz garabeti hi\u00e7 vakit kaybetmeden tamamen feshediniz.<br \/>\n\u00dcyelikleri s\u0131f\u0131rlay\u0131n\u0131z ve yeni ba\u015ftan ama g\u00fcvendi\u011finiz bir kadroyla kurunuz.<\/span><br \/>\n2-Asla korkmay\u0131n, sizi iktidara o \u00f6rg\u00fct de\u011fil, y\u00fcre\u011fi T\u00fcrkiye i\u00e7in \u00e7arpan milyonlarca ki\u015fi ta\u015f\u0131yacakt\u0131r. Onlara g\u00fcvenin, isterse parti binalar\u0131n\u0131z bile kapal\u0131 olsun, fark etmeyecektir.<br \/>\n3-Unutmay\u0131n ki; sizi gaza getirip y\u00fczde 40 oy hedefi a\u00e7\u0131klatt\u0131lar, bunun alt\u0131nda kald\u0131\u011f\u0131n\u0131z an hemen yan\u0131 ba\u015f\u0131n\u0131zdaki ki\u015filer zaten sizi o an bo\u011facakt\u0131r.<br \/>\n4-Bunlar\u0131 ba\u015faramasan\u0131z bile hi\u00e7 olmazsa milletvekili listelerini kendiniz yap\u0131n\u0131z, g\u00fcvendi\u011finiz ki\u015filerin hesaplar\u0131n\u0131 biliniz, onlar sizi yan\u0131ltacakt\u0131r.&#8221;<\/span><\/span><span style=\"mso-spacerun: yes;\"><br \/>\n<\/span><span style=\"color: #000000;\"><span style=\"font-family: Times New Roman;\">Can Atakl\u0131 vatan 10.3.11<br \/>\n<\/span><\/span><span style=\"font-size: 14pt; mso-bidi-font-size: 9.0pt;\"><br \/>\n<span style=\"color: #000000;\"><span style=\"font-family: Times New Roman;\"><span style=\"mso-bidi-font-size: 9.0pt;\"><span style=\"color: black;\"><span style=\"font-family: Times New Roman; color: #000000;\">1-\u00d6rg\u00fct dedi\u011fi il ve ilce ba\u015fkanl\u0131klar\u0131ysa dedi\u011fi<span style=\"mso-spacerun: yes;\"> <\/span>zaten yap\u0131ld\u0131. Yapanlar MYK da ayn<\/span><\/span><span style=\"color: #000000;\"><span style=\"font-family: Times New Roman;\">\u0131<span style=\"mso-bidi-font-size: 9.0pt;\"> y\u00f6ntemle eksik b\u0131rakt\u0131klar\u0131n\u0131 tamaml\u0131yorlar. Istanbula \u015firket m\u00fcd\u00fcr\u00fc, y\u00f6netime de partinin kap\u0131s\u0131ndan i\u00e7eri girmeyen 12 ki\u015fi atad\u0131lar. Di\u011fer iller de b\u00f6yle.<\/span><\/span><\/span><br \/>\n<\/span>Say\u0131n Atakl\u0131 niyetiniz varsa,<span style=\"mso-spacerun: yes;\"> <\/span>sizi de istedikleri yere atayabilirler.<br \/>\n<span style=\"font-family: 'Times New Roman';\"><span style=\"mso-bidi-font-size: 9.0pt;\">\u00dcye dedi\u011fi sanal olmu\u015f, zaten yok. Sesi bile \u00e7\u0131km\u0131yor. Unuttu\u011fu bir \u015fey var onlar ayn<\/span>\u0131<span style=\"mso-bidi-font-size: 9.0pt;\"> zamanda se\u00e7men .\u00dcyelik yenileyin diyor, buna da g\u00fcnayd\u0131n derim. CHP si<span style=\"mso-spacerun: yes;\"> <\/span>bunu yapt\u0131 zaten. <\/span><\/span><\/span><\/span><span style=\"font-family: Times New Roman;\"><span style=\"font-family: 'Times New Roman';\"><span style=\"color: #000000;\"><span style=\"mso-bidi-font-size: 9.0pt;\">En g\u00fczel s\u0131f\u0131rlama nas\u0131l olur ? Genel ba\u015fkan<span style=\"mso-spacerun: yes;\"> <\/span>kurultay toplas\u0131n partiyi fes etsin. Ayn<\/span>\u0131<span style=\"mso-bidi-font-size: 9.0pt;\"> g\u00fcn<span style=\"mso-spacerun: yes;\"> <\/span>yeniden<span style=\"mso-spacerun: yes;\"> <\/span>partiyi kursun.Kadro yan\u0131nda s\u0131f\u0131rdan baslar.<\/span><br \/>\n<\/span><\/span><span style=\"color: #000000; font-family: 'Times New Roman';\"><span style=\"color: black;\">2-\u00d6rg\u00fct dedi\u011fin y\u00f6netim ve \u00fcyelerden olu\u015fur.Ey\u00fcp de 5 bin kusur \u00fcye vard\u0131 yenilemeden sonra simdi 2 bin kusur.Atakl\u0131<span style=\"color: #000000;\"><span style=\"mso-spacerun: yes;\"> <\/span>hakli 2 bin se\u00e7menin,\u00e7evresinin ne \u00f6nemi var.Atanm\u0131\u015f milletvekilleri dahil, kapans\u0131n dedi\u011fi kap\u0131lardan i\u00e7eri girmiyor zaten.Tabela<\/span><span style=\"color: #000000;\"><span style=\"mso-spacerun: yes;\"> <\/span>\u00f6rg\u00fctler var. SPK nu de\u011fi\u015ftirip Web sitesinde kurulu bilinir maddesi koydun mu o iste tamamd\u0131r.Atars\u0131n 1 tane temsilci olur biter.<\/span><\/span><\/span><br \/>\n<span style=\"font-family: 'Times New Roman';\"><span style=\"color: #000000;\">3-Yani bas\u0131ndaki ki\u015filer dedi\u011fin tek tek genel ba\u015fkan se\u00e7ti ya unuttunuz mu?<\/span><\/span><\/span><\/span><span style=\"font-size: 14pt; mso-bidi-font-size: 12.0pt;\"><\/span><\/p>\n<p class=\"MsoNormal\" style=\"margin: 0cm 0cm 0pt;\"><span style=\"mso-bidi-font-size: 9.0pt;\"><span style=\"color: #000000;\"><span style=\"font-family: Times New Roman;\"><span style=\"color: #000000;\"><span style=\"color: black; font-size: 14pt; mso-bidi-font-size: 9.0pt;\"><span style=\"font-family: Times New Roman;\">En iyisi tek ki\u015filik parti olmal\u0131-SPK nu de\u011fi\u015fmeli.<\/span><\/span><\/span><span style=\"font-size: 14pt; mso-bidi-font-size: 12.0pt;\">&nbsp;<\/span><\/span><\/span><\/span><\/p>\n<p class=\"MsoNormal\" style=\"margin: 0cm 0cm 0pt;\"><span style=\"mso-bidi-font-size: 9.0pt;\"><span style=\"color: #000000;\"><span style=\"font-family: Times New Roman;\"><span style=\"color: #000000;\"><span style=\"color: black; font-size: 14pt; mso-bidi-font-size: 9.0pt;\"><span style=\"font-family: Times New Roman;\">4-Genel ba\u015fkan\u0131n niyeti de \u00f6yle tek bas\u0131na yapmak.tek bas\u0131na liste en iyi evde yap\u0131l\u0131r. Atakl\u0131 evinde yapmas\u0131 i\u00e7in Genel ba\u015fkan\u0131 davet etmeli.Tek bas\u0131na liste y\u0131llard\u0131r yap\u0131l\u0131yor zaten.<\/span><\/span><\/span><span style=\"font-size: 14pt; mso-bidi-font-size: 12.0pt;\">&nbsp;<\/span><\/span><\/span><\/span><\/p>\n<p class=\"MsoNormal\" style=\"margin: 0cm 0cm 0pt;\"><span style=\"mso-bidi-font-size: 9.0pt;\"><span style=\"color: #000000;\"><span style=\"font-family: Times New Roman;\"><span style=\"color: #000000;\"><span style=\"color: black; font-size: 14pt; mso-bidi-font-size: 9.0pt;\"><span style=\"font-family: Times New Roman;\">Say\u0131n Atakl\u0131 bu fikirleri k\u00f6sesinde yazarsa tezleri daha g\u00fc\u00e7l\u00fc olur.<\/span><\/span><\/span><span style=\"font-size: 14pt; mso-bidi-font-size: 12.0pt;\">&nbsp;<\/span><\/span><\/span><\/span><\/p>\n<p class=\"MsoNormal\" style=\"margin: 0cm 0cm 0pt;\"><span style=\"mso-bidi-font-size: 9.0pt;\"><span style=\"color: #000000;\"><span style=\"font-family: Times New Roman;\"><span style=\"color: #000000;\"><span style=\"color: black; font-size: 14pt; mso-bidi-font-size: 9.0pt;\"><span style=\"font-family: Times New Roman;\">Atakl\u0131ya yard\u0131mc\u0131 olmak<span style=\"mso-spacerun: yes;\"> <\/span>isteyen \u00fcyeler kendilerini s\u0131f\u0131rlas\u0131n. Ben mi?<\/span><\/span><\/span><span style=\"font-size: 14pt; mso-bidi-font-size: 12.0pt;\">&nbsp;<\/span><\/span><\/span><\/span><\/p>\n<p class=\"MsoNormal\" style=\"margin: 0cm 0cm 0pt;\"><span style=\"mso-bidi-font-size: 9.0pt;\"><span style=\"color: #000000;\"><span style=\"font-family: Times New Roman;\"><span style=\"color: #000000;\"><span style=\"color: black; font-size: 14pt; mso-bidi-font-size: 9.0pt;\"><span style=\"font-family: Times New Roman;\">Ben CHP&#8217;sinin bir \u00fcyesiyim. Bunlar asla bir partide olmamal\u0131.<\/span><\/span><\/span><span style=\"font-size: 14pt; mso-bidi-font-size: 12.0pt;\">&nbsp;<\/span><\/span><\/span><\/span><\/p>\n<p class=\"MsoNormal\" style=\"margin: 0cm 0cm 0pt;\"><span style=\"mso-bidi-font-size: 9.0pt;\"><span style=\"color: #000000;\"><span style=\"font-family: Times New Roman;\"><span style=\"color: #000000;\"><span style=\"color: black; font-size: 14pt; mso-bidi-font-size: 9.0pt;\"><span style=\"font-family: Times New Roman;\">Atakl\u0131 \u00fclkenin y\u00f6netim bi\u00e7iminden memnun olabilir.<\/span><\/span><\/span><span style=\"font-size: 14pt; mso-bidi-font-size: 12.0pt;\">&nbsp;<\/span><\/span><\/span><\/span><\/p>\n<p class=\"MsoNormal\" style=\"margin: 0cm 0cm 0pt;\"><span style=\"font-family: Times New Roman; color: #000000;\"><span style=\"color: black; font-size: 14pt; mso-bidi-font-size: 12.0pt;\"><br \/>\n<span style=\"font-family: Times New Roman;\">11.03.2011<\/span><\/span><\/span><span style=\"font-size: 14pt; mso-bidi-font-size: 12.0pt;\"><\/span><\/p>\n<p class=\"MsoNormal\" style=\"margin: 0cm 0cm 0pt;\"><span style=\"font-family: Times New Roman;\"><span style=\"font-family: Times New Roman; color: #000000;\"><span style=\"color: black; font-size: 14pt; mso-bidi-font-size: 12.0pt;\">Mazlum<span style=\"color: #000000;\"><span style=\"mso-spacerun: yes;\"> <\/span>Vural<\/span><\/span><\/span><span style=\"font-size: 14pt; mso-bidi-font-size: 12.0pt;\"><\/span><\/span><\/p>\n<p class=\"MsoNormal\" style=\"margin: 0cm 0cm 0pt;\"><span style=\"color: #000000;\"><span style=\"font-family: Times New Roman;\"><span style=\"font-family: Times New Roman;\"><span style=\"color: #333333; font-size: 14pt; mso-bidi-font-size: 12.0pt;\"><span style=\"color: #333333;\"><span style=\"color: #333333;\">\u0130stanbul\/Ey\u00fcp il\u00e7esi \u00fcyes<\/span><\/span><\/span><span style=\"color: black; font-size: 14pt; mso-bidi-font-size: 12.0pt;\">i<strong> <\/strong><\/span><\/span><\/span><\/span><span style=\"font-size: 14pt; mso-bidi-font-size: 12.0pt;\"><\/span><\/p>\n","protected":false},"excerpt":{"rendered":"<p>Demokrasiler de var m\u0131, tek ki\u015fi ile se\u00e7mek y\u00f6netmek? Atakl\u0131 takip etti\u011fim biri. Demokrasi d\u0131\u015f\u0131 lider suntas\u0131n\u0131 savunan fikirlerine yard\u0131mc\u0131 olay\u0131m.Tutars\u0131z, partileri \u015firket gibi g\u00f6ren bir anlay\u0131\u015fa sahip.Partiyi tan\u0131mayan ge\u00e7mi\u015fini de bilmeyen moda c\u00fcmlelerle d\u00fc\u015f\u00fcncelerini ifade ediyor. Bu d\u00fc\u015f\u00fcncede olan &hellip; <a href=\"https:\/\/www.chpuye.com\/?page_id=476\">Okumaya devam et <span class=\"meta-nav\">&rarr;<\/span><\/a><\/p>\n","protected":false},"author":1,"featured_media":0,"parent":90,"menu_order":0,"comment_status":"closed","ping_status":"open","template":"","meta":[],"_links":{"self":[{"href":"https:\/\/www.chpuye.com\/index.php?rest_route=\/wp\/v2\/pages\/476"}],"collection":[{"href":"https:\/\/www.chpuye.com\/index.php?rest_route=\/wp\/v2\/pages"}],"about":[{"href":"https:\/\/www.chpuye.com\/index.php?rest_route=\/wp\/v2\/types\/page"}],"author":[{"embeddable":true,"href":"https:\/\/www.chpuye.com\/index.php?rest_route=\/wp\/v2\/users\/1"}],"replies":[{"embeddable":true,"href":"https:\/\/www.chpuye.com\/index.php?rest_route=%2Fwp%2Fv2%2Fcomments&post=476"}],"version-history":[{"count":0,"href":"https:\/\/www.chpuye.com\/index.php?rest_route=\/wp\/v2\/pages\/476\/revisions"}],"up":[{"embeddable":true,"href":"https:\/\/www.chpuye.com\/index.php?rest_route=\/wp\/v2\/pages\/90"}],"wp:attachment":[{"href":"https:\/\/www.chpuye.com\/index.php?rest_route=%2Fwp%2Fv2%2Fmedia&parent=476"}],"curies":[{"name":"wp","href":"https:\/\/api.w.org\/{rel}","templated":true}]}}