{"id":2371,"date":"2015-07-09T21:47:45","date_gmt":"2015-07-09T18:47:45","guid":{"rendered":"http:\/\/www.chpuye.com\/?page_id=2371"},"modified":"2015-07-09T21:47:45","modified_gmt":"2015-07-09T18:47:45","slug":"kilici-kiriklara-karsi-o-kadinlar-care-sende-6","status":"publish","type":"page","link":"https:\/\/www.chpuye.com\/?page_id=2371","title":{"rendered":"KILICI KIRIKLARA KAR\u015eI O KADINLAR  \u00c7are Sende (6)"},"content":{"rendered":"<p>Arkada\u015f\u0131m ar\u0131yor, salonda konu\u015fmam\u0131 istiyor. Hemen yan\u0131tlad\u0131m:<\/p>\n<p>&#8220;Gelemem!&#8221;<\/p>\n<p>&#8220;Sen gelince salon doluyor&#8230;&#8221;<\/p>\n<p>&#8220;Yahu ben assolist miyim? \u0130\u015fe yarayacak \u00fc\u00e7-be\u015f adam bul, can\u0131m feda!&#8221;<\/p>\n<p>Arkada\u015f\u0131m\u0131n \u015fa\u015fk\u0131nl\u0131\u011f\u0131ndan yararlan\u0131p ekledim:<\/p>\n<p>Hep ayni ki\u015filer dolduruyor; mevlit dinler gibi dinliyorlar; alk\u0131\u015flay\u0131p rahatl\u0131yorlar. Bir sonraki konferansta yine ayn\u0131 ki\u015filer!&#8221;<\/p>\n<p>&#8220;Ama, bilgileniyorlar!&#8221;<\/p>\n<p>&#8220;Birbirlerine anlat\u0131p yine rahatl\u0131yorlar!&#8221;<\/p>\n<p>Arayan arkada\u015f\u0131m susup kald\u0131. Onu \u00fczmek istemiyordum; ba\u015f\u0131mdan ge\u00e7en olay\u0131 anlatt\u0131m.<\/p>\n<p>\u015eimdi de\u011filse ne zaman?<\/p>\n<p>Dokuz y\u0131l \u00f6nce Antalya&#8217;da&#8230; 58 G\u00fcn&#8217;den al\u0131nt\u0131larla Ortado\u011fu&#8217;nun 1918 i\u015fgali ve Kumandan&#8217;\u0131n tutumu!<\/p>\n<p>Osmanl\u0131n\u0131n \u015fanl\u0131 pa\u015falar\u0131, Almanlar\u0131n Mare\u015fali \u00e7ekip gitmi\u015f ordu da\u011f\u0131lm\u0131\u015f; yar\u0131s\u0131 da esir&#8230;<\/p>\n<p>Kumandan hasta yata\u011f\u0131ndan f\u0131rl\u0131yor, Halep&#8217;e giren Peygamber s\u00fclalesinden Faysal&#8217;\u0131n kuvvetlerini ve ortaklar\u0131 \u0130ngilizi p\u00fcsk\u00fcrt\u00fcyor.<\/p>\n<p>Araplar arkadan vurmu\u015f, Almanlar sald\u0131rganlarla \u00e7oktan anla\u015fm\u0131\u015f; Alman Mare\u015fali de \u0130stanbul&#8217;a t\u00fcym\u00fc\u015f!<\/p>\n<p>Kumandan vekaleten Y\u0131ld\u0131r\u0131m Ordular\u0131 Grubu&#8217;nun ba\u015f\u0131nda.<\/p>\n<p>Bakmay\u0131n &#8220;Grup&#8221; dendi\u011fine!<\/p>\n<p>Grupluktan \u00e7oktan \u00e7\u0131km\u0131\u015f; 8. Ordu; 4. Ordu da\u011f\u0131lm\u0131\u015f, elde yaln\u0131zca Kumandan&#8217;\u0131n Nablus-\u015eeria&#8217;dan bu yana sava\u015fa sava\u015fa getirdi\u011fi, yar\u0131s\u0131 telef olan 7. ordusu var.<\/p>\n<p>Kumandan; \u0130skenderun-Belen-Tel Afrin-Tel Afer ve Musul&#8217;a uzanan savunma cephesi kurmak i\u00e7in u\u011fra\u015f\u0131yor.<\/p>\n<p>Oysa, Enver, Talat, Cemal \u00e7ekip gitmi\u015fler. Osmanl\u0131 Halife Sultan\u0131 Mehmed Vahidedd\u00fcn t\u00fcm vatan\u0131, ordular\u0131, posta-telgraf idaresini, demiryollar\u0131n\u0131, limanlar\u0131 Moudros&#8217;ta teslim etmi\u015f&#8230; (Teslim heyeti ba\u015f\u0131 Rauf Bey&#8217;dir.)<\/p>\n<p>\u00dcstelik Kumandan&#8217;a emir veriyor; &#8220;Medine&#8221;deki orduya teslim olmas\u0131n\u0131 bildir&#8221; diyorlar! Kumandan kabul etmiyor.<\/p>\n<p>Emre itaatsizlik&#8230;<\/p>\n<p>\u0130ngilizler \u0130skenderun&#8217;dan Halep&#8217;e gidecekler, yard\u0131m et, diyorlar!<\/p>\n<p>Kumandan, karaya \u00e7\u0131karlarsa \u0130ngilizlere ate\u015f edin diye emrediyor.<\/p>\n<p>Ger\u00e7ek Kumandan&#8217;a itaat zaman\u0131d\u0131r!<\/p>\n<p>\u0130skenderun&#8217;da Korvet Kaptan\u0131 Yzb. Ahmet Halit, itaatsizlik ediyor \u0130stanbul&#8217;a! Limana \u00e7\u0131kan Frans\u0131zlar\u0131n silahlar\u0131n\u0131 al\u0131yor, denizden geri yolluyor!<\/p>\n<p>Y\u00fcre\u011fi yetmiyor Osmanl\u0131 Hanedan\u0131&#8217;n\u0131n ve pa\u015falar\u0131n\u0131n, Kumandan&#8217;\u0131 g\u00f6revden almaya. Y\u0131ld\u0131r\u0131m Ordular\u0131 Grubu&#8217;nun &#8220;la\u011fvedildi\u011fi&#8221; (kald\u0131r\u0131ld\u0131\u011f\u0131n\u0131) bildiriyorlar. Cinlik i\u015fte!<\/p>\n<p>Orduyu elinden al\u0131yorlar, t\u0131pk\u0131 bir iki hafta \u00f6nce \u015eam \u00f6nlerinde cephe kuraca\u011f\u0131 s\u0131ra emrindeki, 7. Orduyu elinden ald\u0131klar\u0131 gibi!<\/p>\n<p>O zamanda emre itaatsizlik etmi\u015f; yetki-metki istememi\u015f, da\u011f\u0131lan orduyu Halep&#8217;te toparlay\u0131p ba\u015f\u0131na ge\u00e7mi\u015fti.<\/p>\n<p>Sonras\u0131 m\u0131? Bilirsiniz ferman Padi\u015fah\u0131nsa Anadolu onundur!<\/p>\n<p>*<\/p>\n<p>Antalya&#8217;da konu\u015fma b\u00f6yle bitmi\u015fti. \u0130ki bayan gelmi\u015fti \u00f6n\u00fcme; &#8220;Biz&#8221; demi\u015flerdi, &#8220;Kader (Kad\u0131n Adaylar\u0131 Destekleme Derne\u011fi) y\u00f6neticisiydik. \u00d6\u011frendik onlar\u0131n yabanc\u0131lardan para ald\u0131klar\u0131n\u0131. kitab\u0131n\u0131zda muhalefet ettik.&#8221;<\/p>\n<p>&#8220;Ya sonra?&#8221;<\/p>\n<p>&#8220;Bizi dernekten atarak kad\u0131nlarla dayan\u0131\u015ft\u0131lar. \u015eimdi ne yapaca\u011f\u0131z?&#8221;<\/p>\n<p>&#8220;Bu da sorulur mu arkada\u015flar! \u00d6nce o derne\u011fin taban\u0131yla konu\u015fun, sonra kom\u015fu kad\u0131nlarla, varsa Antalyal\u0131 gazetecilerle, gen\u00e7lerle, k\u00f6ydekilerle, ovadakilerle, da\u011fdakilerle&#8230; Ama internetle yetinmeyin, d\u00fc\u015f\u00fcn yollara &#8230;&#8221;<\/p>\n<p>Bayan s\u00f6z\u00fcm\u00fc kesti: &#8220;\u015eimdi isyan zaman\u0131!.. Anla\u015f\u0131lm\u0131\u015ft\u0131r.&#8221;<\/p>\n<p>Ben tamamlam\u0131\u015ft\u0131m:<\/p>\n<p>&#8220;G\u00f6steri\u015fi ama\u00e7 edinmeden, sessiz ve derinden! K\u0131y\u0131lar onlar\u0131nsa Toroslar sizin!&#8221;<\/p>\n<p>*<\/p>\n<p>Beni konferansa \u00e7a\u011f\u0131ran arkada\u015f\u0131m, sab\u0131rla dinlemi\u015fti. &#8220;Anla\u015f\u0131ld\u0131&#8221; dedi, &#8220;Her yerin bir Toros&#8217;u, bir Ulus Da\u011f\u0131 vard\u0131r!&#8221;<\/p>\n<p>*<\/p>\n<p>\u015eimdi anlad\u0131n m\u0131 T\u00fcrkiye Cumhuriyeti zarar\u0131na olsa da yaz\u0131l\u0131 emir al\u0131nca her denileni yapmaya kalkan, ellerini esaret kelep\u00e7esine uzatmay\u0131 &#8220;kahramanl\u0131k&#8221; sanan komutan?<\/p>\n<p>\u015eimdi anlad\u0131n m\u0131, milletvekili olunca as\u0131l yeminini unutan \u0131slak imzac\u0131 komutan ve sen cambaz politikac\u0131lara yem olan Te\u011fmen?..<\/p>\n<p>M. Y\u0131ld\u0131r\u0131m, Ankara, 8 Temmuz 2015<\/p>\n<p>(Ya\u015fas\u0131n H\u00fcrriyet; 107. Y\u0131l&#8230; 8 ay sonra \u0130slamc\u0131lar\u0131n meclisi da\u011f\u0131tma, devleti ele ge\u00e7irme giri\u015fimi&#8230; Yani, Taksim&#8217;de Top\u00e7u K\u0131\u015flas\u0131&#8230;)<\/p>\n","protected":false},"excerpt":{"rendered":"<p>Arkada\u015f\u0131m ar\u0131yor, salonda konu\u015fmam\u0131 istiyor. Hemen yan\u0131tlad\u0131m: &#8220;Gelemem!&#8221; &#8220;Sen gelince salon doluyor&#8230;&#8221; &#8220;Yahu ben assolist miyim? \u0130\u015fe yarayacak \u00fc\u00e7-be\u015f adam bul, can\u0131m feda!&#8221; Arkada\u015f\u0131m\u0131n \u015fa\u015fk\u0131nl\u0131\u011f\u0131ndan yararlan\u0131p ekledim: Hep ayni ki\u015filer dolduruyor; mevlit dinler gibi dinliyorlar; alk\u0131\u015flay\u0131p rahatl\u0131yorlar. Bir sonraki konferansta &hellip; <a href=\"https:\/\/www.chpuye.com\/?page_id=2371\">Okumaya devam et <span class=\"meta-nav\">&rarr;<\/span><\/a><\/p>\n","protected":false},"author":1,"featured_media":0,"parent":2099,"menu_order":0,"comment_status":"closed","ping_status":"closed","template":"","meta":[],"_links":{"self":[{"href":"https:\/\/www.chpuye.com\/index.php?rest_route=\/wp\/v2\/pages\/2371"}],"collection":[{"href":"https:\/\/www.chpuye.com\/index.php?rest_route=\/wp\/v2\/pages"}],"about":[{"href":"https:\/\/www.chpuye.com\/index.php?rest_route=\/wp\/v2\/types\/page"}],"author":[{"embeddable":true,"href":"https:\/\/www.chpuye.com\/index.php?rest_route=\/wp\/v2\/users\/1"}],"replies":[{"embeddable":true,"href":"https:\/\/www.chpuye.com\/index.php?rest_route=%2Fwp%2Fv2%2Fcomments&post=2371"}],"version-history":[{"count":0,"href":"https:\/\/www.chpuye.com\/index.php?rest_route=\/wp\/v2\/pages\/2371\/revisions"}],"up":[{"embeddable":true,"href":"https:\/\/www.chpuye.com\/index.php?rest_route=\/wp\/v2\/pages\/2099"}],"wp:attachment":[{"href":"https:\/\/www.chpuye.com\/index.php?rest_route=%2Fwp%2Fv2%2Fmedia&parent=2371"}],"curies":[{"name":"wp","href":"https:\/\/api.w.org\/{rel}","templated":true}]}}